 -10) + 2 + -27)?
-7
Calculate -47 + (-7 - -17) + (8 - 33) + 10.
-52
Calculate (0 - 15) + (34 - (107 - 69)).
-19
What is (21 - (66 - 19)) + 30 + -2 + 48?
50
What is 1165 - 1181 - (0 - (2 - 5))?
-19
What is 8 - 3 - ((8 - 31) + 8 + 35)?
-15
Evaluate 9 - (564 + -575 - (-25 + -1)).
-6
What is (32 - (24 - -75)) + 31?
-36
What is the value of (-11 - 44) + (279 - 273)?
-49
What is the value of 25 - ((47 - 70) + 97)?
-49
What is -78 - -54 - (-8 + -21)?
5
What is the value of 1326 - 1364 - (-21 + 1) - 26?
-44
Evaluate 1888 + -1955 - ((-4 - -1 - -4) + 16).
-84
What is -3 + (40 - (-36 - -59))?
14
What is the value of -13 + -20 + 9 - ((4 - 0) + -8 - -14)?
-34
-7 + (-1 + 1 + 8 - (-7 - (6 + -46)))
-32
Calculate 0 + (-6 - -15) + (-13 + 19 + -5 - -108).
118
-1 + 1 + -76 - ((-43 - -2) + 37)
-72
What is the value of -46 + 59 + 32 + -36 + (-142 - 0)?
-133
-5 + 13 + (6 - -2) - 0
16
Calculate 17418 - 17373 - (-74 + 2).
117
Calculate (-66 - -78) + -61 + -9.
-58
Evaluate 39 + -9 - (100 + -184 + -17).
131
120 + -5 + (1022 - 1082)
55
(4 - (20 + 5) - -4 - -1) + -42 + 43
-15
What is the value of 0 + 36 + (-13 - (1 + 1) - -11) + 0?
32
Evaluate -18 + (83 - (48 + 110)).
-93
(46 - 66 - -2) + (-10 - -2)
-26
-43 - ((20 - (15 + -17)) + -25)
-40
Calculate -36 + (40 - (-35 - -50)) - (-1 - 37).
27
Calculate (2 - -62) + -41 - (18 - -4).
1
Evaluate 1 + -5 - ((188 - 232) + 83 + -4).
-39
(46 - 129) + -18 + 35
-66
What is the value of -33 + (-52 - -62) + -76?
-99
What is the value of -67 + 21 + -67 - -47?
-66
Evaluate 42 + 12 + (-37 - -7).
24
(-273 - -267) + (-9 - 12)
-27
What is the value of 172 + -246 + 32 + (-1 - 1)?
-44
What is 44 - (-66 + 39 + 47) - 18?
6
What is the value of (9 - -3) + (10 - (-6 - (-8 + 4)))?
24
-27 + 0 + (119 - 115) + (-3 - -1)
-25
Evaluate 29 + -2 - (3334 + -3339).
32
What is (-30 - -13) + 16 + -11 + (15 + -115 - 8)?
-120
Evaluate 12 + 0 - (1038 + -1065).
39
-19 + 109 + -81 + -49
-40
(-26 - -18) + (22 - -72) - (-1 + 22)
65
What is -574174 + 574167 + (113 - -1 - (-1 + (3 - 1)))?
106
Evaluate -21 + 5 + 48 + 5 + 9.
46
What is the value of (0 - (-15 + 29)) + 19 - (-5 + 2) - -10?
18
What is the value of -35 + 83 - 67 - (-19 - -1)?
-1
Calculate -8 + (-7 - (-56 + 55 + (2 - -11))).
-27
Evaluate (-132 - -115) + -13 + (6 - -6).
-18
What is the value of (-10 - (-68 - (5 - (9 - -1) - -9))) + -3?
59
Evaluate 1 + 8 + 1 + 647 + -639 + 33.
51
Calculate 9 + (-9 + -1 - ((-18 - -17) + -8)) + -44.
-36
Calculate (9 - (-6 + 14)) + (4 + -10 - 18).
-23
What is ((22 - 37) + 19 - -15) + (-2 - 9) - -16?
24
What is the value of (3341 - 3387) + 14 + -2?
-34
Calculate -9 + 14 + (-10 - ((1 - -10) + -9 + -10)).
3
Evaluate (1 - (-2 + -3)) + (152 - (199 + -53)).
12
What is 5 + (-104 - -76) + -5?
-28
Evaluate (-7 - 66) + 134 - 99.
-38
Evaluate (19 + -36 - -64) + -5.
42
What is (-28 - (-21 + 4 + -1)) + -49?
-59
What is the value of 67 + (1 + -12 - (34 + -43))?
65
Calculate (111 - 3) + (146 - 130) + -46.
78
1 + 2 - (9 - 1 - (35 - 154 - -58))
-66
What is the value of -5 + -4 + (34 - -10 - (-18 + 4))?
49
3 + 8 + 77 + -14 + -133
-59
What is (-3 - -3) + 8 + (-8 - (14 + -17 + -13))?
16
Calculate -1 + -13 + (0 - 12) + 16 - (108 - -1).
-119
Calculate 33 + 9 + -45 + (0 - 7) + 17.
7
What is 68 + -67 + 58 + -54?
5
Evaluate 71 + ((18 - 11 - 25) + 12 - -10).
75
2 + (-15 + 9 - -94) - (-3 + 15)
78
What is 40 + (-283 + 327 - (2 + 10))?
72
What is the value of 2 + -15 + (-27 + 7 - (86 + -113))?
-6
What is (-13 + 1 + 3 + 9 - -1 - -1) + -38?
-36
Evaluate 16 + -29 + -20 - (-15 + -14).
-4
What is the value of -22 - (-1 + -26 + (113 - 90))?
-18
What is -11 - ((-3 - (5 - (6 - 5)) - -21) + -10)?
-15
Calculate (0 + (1 - -5) - (265 + -267)) + -13.
-5
What is the value of -6 + (-58 - -27) + 34?
-3
Evaluate 13 + -1 - (55 + (13 - -2) + -39).
-19
What is the value of -94 + 0 + (-13160 - -13304)?
50
What is 27 + (0 - -23) + -42 - 26?
-18
Calculate 4 - -1 - (-13 + (22 - (-3 - -15) - 13)).
21
What is the value of 8 + 38 + -42 - -123?
127
Calculate -254 - -293 - (7 + 3).
29
What is the value of 21 + 9 + (-14 + 19 + -26 - 7)?
2
What is the value of 4333 + -4368 - (2 - (0 - 32))?
-69
What is the value of -1696 - -1625 - (-28 + -1)?
-42
Evaluate (1 + 2 - -9) + 4 + -2 - (4109 - 4124).
29
Calculate 143 + -2 - ((601 - 634) + 0 + 14 + 15).
145
What is the value of 38 - (-4 + (12 - 21) - (0 + -5))?
46
What is the value of 310 - 168 - 136 - (-12 - 0)?
18
What is the value of (-506 - (-908 - -409)) + ((0 - -2) + 35 - 2)?
28
Evaluate -82 + 70 + -69 - -229.
148
Calculate 113 + -97 + (6 - 0 - -55) + (-8 - -10).
79
-76 + 90 - (18 + -2 - (6 + -1))
3
Calculate (-1 - (-19 - -13)) + -20 + 30 + 46.
61
Evaluate -10 - -2 - (-14 - (10 + (-63 - -14))).
-33
What is 446 + -505 - (-13 - 4 - -3 - (-1 - 2))?
-48
What is -2 + -43 + 1873 + -1701?
127
(-7 - -12) + (-424 - -456)
37
What is (3 - 20 - -1) + (19 - (-47 + 45))?
5
Calculate (6 - 4 - -6) + (-33 - (43 - -14)).
-82
13 - (13 - 13) - (11 - (-1 - -3))
4
What is (-36 - -30) + 3 + -2 + (-9 - -8)?
-6
What is 2 - (-81 + -9 + 3 + 8 + 18 + -26)?
89
What is 12 - (27 - 54 - -23) - (20 - 2)?
-2
What is 148 + -92 - (115 + -52)?
-7
What is the value of (1 + -2 - 13) + (-203 + 361 - 187)?
-43
What is 1 - 2 - -73 - (1473 + -1445)?
44
Evaluate 5 + -21 + 21 + -2 - (75 - (-4 + 8)).
-68
Calculate 18 + 0 - (-13 - -112 - 91).
10
What is 34 + -61 + 10 - -88?
71
Calculate -4 + -32 - (882 + -909).
-9
What is -7 + 166 - (47 - (96 + -75))?
133
Calculate 10 - (-1 - -3) - (-2 - (11 + -1) - -12).
8
Evaluate -9 + 0 + (-5 - -6) + -33.
-41
What is the value of -27 + (20 - 16) + (-14 - 8)?
-45
What is the value of (-19 - -2) + 49 + (-113 - -57)?
-24
What is the value of 6 + (1 - (-10 - -2) - (-32 + 51))?
-4
What is 12 + (0 + 88 - (-24 - (-104 - -65)))?
85
Evaluate (0 - -2) + (-95 - -97) - ((3 - -8) + 108).
-115
-14 + 14 - (19 - (-15 + 9 + 53))
28
82 - -2 - (2 - (0 + -8 - -2))
76
Evaluate (-5 - (132 - 10)) + 0 - (214 + -197).
-144
Calculate (44 - 57) + (14 - 6).
-5
What is the value of -131 + 164 + -14 + (15 - -3)?
37
Evaluate (-6 - 45) + 39 - -16.
4
Evaluate (-1 - 71) + (-1771 - -1808).
-35
(-5 - -29) + 49 + (-17 + 17 - 11)
62
Calculate 353 + -306 - (40 - 1) - (-95 - 2).
105
What is (30 - 79 - -6) + 80?
37
Calculate (14 - (33 - 17) - 67) + -18.
-87
What is the value of (-8 + (1 - 0) - -18 - -1) + -50?
-38
What is the value of 5 + (-23 - (-19 + 5)) - (-27 + 0)?
23
Calculate -18 + (-85 - -42) + 126 + -4.
61
What is the value of 8 + -7 + 3 + -9 + (5 - (13 + -5))?
-8
(-47 - (-16 - 53)) + -10
12
Evaluate -80 + (-351 + 344 - ((4 - 1) + (-16 - -2))).
-76
Calculate (-5 - ((-20 - -27) + 6)) + (126 - -5).
113
Calculate -44 + (10 - (-34 - -37)) + 1.
-36
What is 11 + 1 + (4 - 77 - -17) + 2?
-42
-3 + 5 + 3 + 3 + 2 + -13 + 64
61
What is the value of 21 + -31 - (4 - 47)?
33
What is 1461 - 1476 - (-2 - 58 - (-4 + 3))?
44
58 + (129 - 189) + -1 + -44
-47
(-3 - -4) + 10 + -1 + 6 - -114
130
What is -1019 + 990 + 69 + 0?
40
Calculate 4872 + -4963 + (-1 - -88).
-4
(-2 + -14 - (-286 + 303)) + 3 + -6
-36
104 + (-55 - (133 - 25))
-59
-22 + 33 + -6 - 9
-4
Calculate 30 + -9 + (-11 - (-21 + 18)) + -86.
-73
What is the value of 1 - -6 - (-66 + 77) - (11 - (14 - 14))?
-15
Calculate -21 - (7 + (14 - 81)) - -25.
64
What is 4 + -24 + 51 + (8 - (-3 + -1 + 2))?
41
Calculate -778 + 670 + 1 + 169.
62
Calculate -11 + -176 + 189 + (1 - 19).
-16
(-23 - -7) + 19 + (1 + 9 - 77)
-64
What is the value of 6 - (-4 - (-49 + (40 - 27)))?
-26
((-3 - -3) + -5 - -1) + -10 + (669 - 548)
107
Evaluate -9 - (-45 - (-81 - -46)).
1
7 + -32 - (-10 + (-1 - -1) + (1240 - 1234))
-21
0 + -71 - ((-8 - (-8 + 0) - 7) + 9)
-73
Calculate 0 + -72 + 33 - -12.
-27
-23 - (-30 + -38 - -47)
-2
52 + 1 - (-977 - -1001)
29
Evaluate (2 - 36) + (587 - 564).
-11
What is 33722 - 33738 - (-1 + 2 + -28) - -4?
15
Evaluate 27 + -125 + 12 - (-11 + 0) - (-10 + 0).
-65
Evaluate 27 + -23 + -2 + 17 + -10 - (-1 + 95).
-85
What is the value of 1 + 4 + (-9 - (9 - 21)) + -123?
-115
What is -34 + (-86 + 60 - 54)?
-114
Calculate 4 + (1 - 1 - (-283 - -259)) - (15 + -1).
14
Evaluate 628 + -541 + -56 + -2.
29
-65 - -64 - (70 + -28)
-43
What is the value of -45 - ((20 + -8 - 25) + 13)?
-45
Evaluate (-84 - -99) + -58 + (5 - 0).
-38
Calculate -11 + 33 - (16 - 14 - -33).
-13
What is 115 + (27 + -2 + -15 + 1 - 15)?
111
Calculate (